s divided by h?
7
Suppose 10*c - 26*c + 736 = 0. What is the remainder when 409 is divided by c?
41
Let b(y) = 7 + 6*y + 5*y + 9*y**2 - 2*y + 2*y - y**3. Calculate the remainder when 32 is divided by b(10).
15
Let u(a) = 2*a + 2. Let n be u(1). Suppose n*z = 18 + 106. Suppose 4*p - z - 13 = 0. Calculate the remainder when 31 is divided by p.
9
Suppose 2*d - 8 = x, -d + 4 = -6*x + x. Suppose -573 = -5*y - 3*w, -448 = -d*y - 2*w - 3*w. What is the remainder when y is divided by 30?
27
Let f be (9 + -2)*-1 - -2. Let s = f + 4. Calculate the remainder when (29 - s)/(4/4) is divided by 11.
8
Suppose -3*j + 286 - 82 = 0. Suppose 0 = -3*k - k + j. Suppose 14 = -8*a + 278. What is the remainder when a is divided by k?
16
Let n(g) = -4*g**2 + 24*g + 35. Let o(p) = -p**2 + p + 2. Let y(c) = n(c) - 5*o(c). What is the remainder when y(-20) is divided by 16?
13
Suppose 10*k + 2909 - 2989 = 0. Suppose 0 = -b - 8 + 37. What is the remainder when b is divided by k?
5
Suppose 0 = 2*m - 3*m + 2*l - 11, -2*m + 2 = 2*l. What is the remainder when 48 is divided by 13 + (-2)/m*6?
14
Let z be -35 - (-1 - -3 - 4). Let q be (-1974)/z - 6/(-33). Suppose -v + 4*h + q = 0, -5*h - 105 = -2*v - 2*h. What is the remainder when v is divided by 17?
14
Suppose -60 = -57*y + 55*y. Calculate the remainder when y is divided by 7.
2
Calculate the remainder when (-1701)/(-54)*(-4 + -2)/(-1) is divided by 19.
18
Suppose 76 = 4*x - 2*x. Suppose -2172 = -44*p + 4472. Calculate the remainder when p is divided by x.
37
Let v be (1/(-3))/(4/36). Let d be (v - -2)/(4/(-16)). Suppose -5*r = -d*r - 32. What is the remainder when 61 is divided by r?
29
Let j be (-1 + -3)*(-3)/(-6). Let l = -8 - j. What is the remainder when 2 is divided by ((-2)/6)/(1/l)?
0
Let s = 15 + 84. What is the remainder when s is divided by 27?
18
Let w(c) = -2*c**3 - 9*c**2 + 8*c + 7. What is the remainder when 268 is divided by w(-6)?
0
Suppose -2*r + 2236 = 4*t, 26*t = 21*t - 3*r + 2795. What is the remainder when t is divided by 17?
15
Let r = -11 - -19. Suppose -4*d + 2*d + 58 = 0. Let z = d - r. Calculate the remainder when 61 is divided by z.
19
Suppose -14*h = -160 + 1336. Let r = h - -90. What is the remainder when 19 is divided by r?
1
Suppose -f = 0, 11*h - 9*h + 3*f + 8 = 0. Let d = h + 55. Calculate the remainder when 101 is divided by d.
50
What is the remainder when 1332/14 - 78/(-91) is divided by 76?
20
Suppose -129*f = -184*f + 6270. What is the remainder when f is divided by 21?
9
Let i(q) = q**2 - 5*q - 2. Suppose -9 = -3*z + 4*t, 4*z + 4*t - 3*t - 12 = 0. What is the remainder when i(6) is divided by z?
1
Suppose 0 = -5*r + 29 + 91. Let c = -170 - -264. Calculate the remainder when c is divided by r.
22
Let b(n) = -11*n + 2. What is the remainder when -1*(-1)/(((-2)/834)/((-22)/66)) is divided by b(-3)?
34
What is the remainder when 185 is divided by (-735)/140*(-4 + 0)?
17
Let i = 1457 + -1450. What is the remainder when i is divided by 1/(-4)*2*-6?
1
Let y = 100 - 100. Let t(k) = -2*k**2 - 4*k - 5. Let z(f) = 3*f**2 + 5*f + 4. Let w(j) = -4*t(j) - 3*z(j). What is the remainder when w(y) is divided by 5?
3
Let x(g) = 2*g + 32. Let t be x(-16). What is the remainder when 29 is divided by 2*((-63)/(-18) + t + 2)?
7
Suppose 2*n - 1291 = -3*l, 0 = -n + 3 - 7. What is the remainder when l is divided by 145?
143
Suppose -6*p + 2*p = 4, -3*v - 3*p + 138 = 0. Let d(g) = g**2 - 2*g - 3. Let b be d(-4). Let o = b + -9. What is the remainder when v is divided by o?
11
Suppose 4*k = 6*k - 6. Suppose -k*n = -48 - 30. Let u = 49 - n. What is the remainder when u is divided by 14?
9
Suppose b = -5*v + 22, 53 = 3*b + 4*v - 2*v. Let a(f) = -f**3 + 10*f**2 + 13*f - 10. Calculate the remainder when b is divided by a(11).
5
Let f = 7 + 29. Calculate the remainder when (-2*57/24 - -3)*-28 is divided by (-8)/f + (-155)/(-9).
15
Let p(v) = -v**3 + 3*v**2 - 8*v + 4. Let l be p(-4). Suppose -15*j = -11*j - l. Calculate the remainder when 147 is divided by j.
36
Let c = -2018 + 3736. What is the remainder when c is divided by 86?
84
Suppose -3*y + 306 + 231 = 0. Let h(b) = -2*b**3 - 85*b**2 - 43*b + 4. What is the remainder when y is divided by h(-42)?
41
Let i = 31 - 12. Let m = 1368 + -1313. Calculate the remainder when m is divided by i.
17
Let h(b) = -b**3 - b**2 - 8*b - 15. Calculate the remainder when 105 is divided by h(-3).
24
Let j(f) = f**2 - 2*f - 9. What is the remainder when 84 is divided by j(-6)?
6
Suppose 4*y - 140 = 3*j + 57, 0 = 2*y + 4*j - 104. Let u = 80 + -50. What is the remainder when u is divided by (-30)/y + (-83)/(-5)?
14
Let k = 231 + -191. What is the remainder when 79 is divided by k?
39
Suppose c + 2*y - 130 = 0, y = 4*c - y - 500. Suppose 4*j = 13*j - c. Let v(t) = -10*t - 7. Calculate the remainder when v(-6) is divided by j.
11
Suppose -2*o + 68 = -2*f, -4*f = -540*o + 538*o + 66. What is the remainder when 2904 is divided by o?
34
Let a = 172 - 107. Calculate the remainder when a is divided by 24.
17
Let a be 15/(-6)*(-8)/10. Suppose -4*h + a*h = -14. Suppose h*z = 9*z - 62. What is the remainder when z is divided by 16?
15
Let u(r) = 5*r**2 - 50*r + 94. Calculate the remainder when 191 is divided by u(9).
44
Let v = 118 - 116. Calculate the remainder when 16 is divided by v.
0
Let z = 1 - -2. Suppose 4*s - 5 = -s, -z*s = 3*y + 51. Let u = -4 - y. Calculate the remainder when u is divided by 8.
6
Suppose -87 = -5*f - 282. Let y = f - -49. Calculate the remainder when 16 is divided by y.
6
Suppose 6 = a + 2*a. Let f = 19 - a. Let i = -386 + 392. Calculate the remainder when f is divided by i.
5
Suppose -2*b = 2*u - 3*b - 16, -2*b = 3*u - 24. Let o = -6 + u. Suppose -m + 27 = o*m. Calculate the remainder when 16 is divided by m.
7
Suppose -2*j + 21 = b - 4*j, b - 36 = -3*j. Suppose m = b + 38. Calculate the remainder when m is divided by 11.
10
Calculate the remainder when 16330/35 - (1 + (-12)/28) is divided by 67.
64
Let q(d) = -d + 7. Suppose 0 = c + 9 - 16. Let h be q(c). What is the remainder when 39 is divided by 4 + (4 - h) + 0?
7
Let w(v) = -2*v**3 - 8*v**2 - 9*v. What is the remainder when 103 is divided by w(-4)?
31
Let k(c) = -4*c**2 + c - 3. Let w be k(-2). Let n(u) = -u - 1. What is the remainder when n(w) is divided by 11?
9
What is the remainder when 150/125 - (-729)/5 is divided by 6?
3
Let l = 50 + -45. Calculate the remainder when 432 is divided by l.
2
Let t(d) = -d + d - 3 + d. Calculate the remainder when 0*3/(-9) + 8 is divided by t(8).
3
Suppose -3*z + z + 240 = 0. Let u = -25 + z. What is the remainder when u is divided by 33?
29
Suppose -6*g - 6 = -0*g. What is the remainder when 10 is divided by 9 + 4 + 3/g?
0
Suppose -16 = -7*m + 11*m, 3*q - 411 = 3*m. What is the remainder when q is divided by 11?
1
Suppose f = 2, -4*x + 2*x + 22 = -3*f. Suppose -4*s = -s - 111. Calculate the remainder when s is divided by x.
9
Suppose -7*u = -2*u - 35. Suppose 20*k - 425 - 1135 = 0. Calculate the remainder when k is divided by u*3 - 1/1.
18
Let h = -26 + 31. Suppose y - 31 + 5 = -5*j, -5*j + 2*y + 38 = 0. What is the remainder when j is divided by h?
1
Calculate the remainder when (-4)/(-22) - (5439/(-33) + -1) is divided by 91.
75
Suppose -4*t - 2*k - 102 = 0, -k = -2*t - 6*k - 63. Let s = 28 + t. Suppose s*f = 137 + 51. What is the remainder when f is divided by 16?
15
Let f = 245 + -162. Calculate the remainder when f is divided by 8.
3
Let p be (7 + -5)/2 - -1. Suppose 2*o = -8, 3*u - 133 - 88 = p*o. Let h = -41 + 77. What is the remainder when u is divided by h?
35
Let j(t) = 14*t**3 - t**2 + 3*t - 2. Calculate the remainder when j(1) is divided by 6.
2
Suppose -3*n - 1 + 7 = 0. Let p(k) = 3*k**2 + k - 5. What is the remainder when 52 is divided by p(n)?
7
Suppose 216*c - 50 = 214*c. Calculate the remainder when 96 is divided by c.
21
Let c(p) be the third derivative of -p**4/2 + 5*p**3/6 - 5*p**2. Suppose 2*l + 2 - 18 = 0. Calculate the remainder when c(-2) is divided by l.
5
Calculate the remainder when 3/(-3)*-7 - (18 - 898) is divided by 11.
7
Let q = -1864 - -1912. What is the remainder when 423 is divided by q?
39
Calculate the remainder when 13 is divided by -6 + 19 - 0/3.
0
Suppose -5*f + p = -408, -9*p + 11*p = -4*f + 332. Calculate the remainder when f is 